se -11*m + 455 + 3283 = -1883. What is the remainder when m is divided by 40?
31
Let s be -2*28/(-21)*(-3)/(-2). Suppose -2*z + s*z = 0, -115 = -5*w + 4*z. Calculate the remainder when 67 is divided by w.
21
Let l = 534 - 528. Suppose 7740 = -l*x + 18*x. Calculate the remainder when x is divided by 72.
69
Suppose 3*f - 144 = 5*n, 3*f - 6*f = 3*n - 168. What is the remainder when 1055 is divided by f?
48
Suppose -4*q + 4*w = -148, -7*q + 2*w = -4*q - 110. Suppose t - 2*j = 6*t - 895, 0 = 3*t - 2*j - 537. Calculate the remainder when t is divided by q.
35
Suppose -9*k + 343 = -6*k + 5*u, -3*u = 2*k - 229. What is the remainder when 766 is divided by k?
70
Suppose 2*z + 1549 = 4*j + 1665, 2*z + 2*j = 98. What is the remainder when 16222 is divided by z?
50
Suppose -147*h = -2*u - 144*h + 660, 5*u = -4*h + 1673. Calculate the remainder when u is divided by 23.
11
Let z(x) = 9*x**2 + 8*x - 212. Let u be z(10). Let t = -732 + u. Calculate the remainder when 118 is divided by t.
10
Suppose 4*x = -34*b + 36*b - 218, -b + 3*x + 103 = 0. What is the remainder when 732 is divided by b?
6
Let p(a) = 3*a**2 - 5*a - 1. What is the remainder when p(-6) is divided by -14*((-28)/(-140)*-9 - (-7)/(-10))?
32
Suppose k = 3*b + 1311, -b - 93 = -k + 1222. Calculate the remainder when k is divided by 146.
3
Let c = 50 - 24. Suppose c = 8*d + 10. Calculate the remainder when 153 is divided by 31/(d - (-3 - -4)).
29
Let p = 2728 + -2684. Calculate the remainder when 223 is divided by p.
3
Suppose -4*u - 15 = 3*l - 1, u = 1. Let i be (82/l + 5)*-3. Let y = -5 + i. What is the remainder when 82 is divided by y?
19
Calculate the remainder when 2/(-5) + 55472/80 is divided by 174.
171
Let m(b) = b**3 - 2*b**2 + 9*b + 85. Let y(u) = -u**3 + 9*u**2 + 12*u + 9. Calculate the remainder when m(0) is divided by y(10).
27
Let q = 14879 + -14236. Calculate the remainder when q is divided by 46.
45
Let x(b) = -b**2 + 35*b - 274. Let q be x(14). Suppose -6*p - q*p = -2236. Calculate the remainder when p is divided by 11.
9
Let q be 3*(40/15)/2. Suppose -2*i - q*v = -2*v - 450, -i = 5*v - 241. What is the remainder when i is divided by 75?
71
Let a(q) = -10*q**3 + 182*q**2 - 36*q + 3. Calculate the remainder when 184 is divided by a(18).
1
Suppose 48*b - 26*b - 17 = 93. What is the remainder when 32 is divided by b?
2
Suppose -18*c + 26 = -10. What is the remainder when 368 is divided by (-2)/7 + c/(70/1445)?
40
Suppose -54*g - 19*g + 4453 = 0. Suppose 0 = 2*t - 4*t - 5*u + 74, -6 = -3*u. Calculate the remainder when g is divided by t.
29
Let c = -200 - -214. Suppose -71 = -0*j - j. Let v = 124 - j. Calculate the remainder when v is divided by c.
11
Let y be 0/(-2 - (-14 + 7)). Suppose y = -23*x + 9*x + 644. Calculate the remainder when 229 is divided by x.
45
Let x = -469 + 657. Suppose 5*a - 9*a + x = 0. Suppose -124 = -5*j + c, 4 = 17*c - 13*c. What is the remainder when a is divided by j?
22
Suppose 0 = 4*z - 6*z - 4*v + 86, 2*z - 70 = 4*v. What is the remainder when 192 is divided by z?
36
Let o = -15123 + 15192. Suppose g = -4*u - 3, -g + 3*u + 28 = 10. What is the remainder when o is divided by g?
6
Suppose 0 = -2*t + 15*m - 16*m + 25, -10 = -t - m. Calculate the remainder when 479 is divided by t.
14
Let r(y) = 67 + 22 - 9*y + 12*y - 9. What is the remainder when 31 is divided by r(-21)?
14
Suppose 5*n - 60 + 5 = 0. Calculate the remainder when ((-30)/(-4))/(-6 - (-260)/40) is divided by n.
4
Let w(y) = -4*y - 306. Let c(m) = 4*m + 40. Let a be c(-10). Let h be w(a). Calculate the remainder when 125 is divided by h/(-11) + 4 + 4/22.
29
Let h = 37 + -25. Let d = 162 + -98. Suppose i + 20 - d = 0. What is the remainder when i is divided by h?
8
Suppose -26*x + 5240 - 16576 = 0. Let w = -413 - x. What is the remainder when 297 is divided by w?
21
Let d = -8 - 32. Let b = 35 + d. Let p(o) = -o**3 - 2*o**2 + 9*o - 1. What is the remainder when 114 is divided by p(b)?
27
Let h be -4*10/(-64)*8. Suppose 0 = 2*v - 5*d + 11, -h*v + 2*d = -20 - 5. What is the remainder when 29 is divided by v?
1
Let l(k) = 111*k - 2528. What is the remainder when l(49) is divided by 56?
55
Let w(m) = m**2 - 12*m + 4. Let t be w(12). Suppose -2*h + 4 = 0, h + 12 = 2*z - t*h. Calculate the remainder when 153 is divided by z.
10
Let n = 32907 - 32798. Calculate the remainder when 4565 is divided by n.
96
Let t(v) = 2*v**2 + 33*v - 12. Suppose -3*o + 8*o + 110 = -5*n, 0 = 3*n - 4*o + 31. What is the remainder when 59 is divided by t(n)?
4
Let m(j) = 10*j**2 - 4*j. Let c(t) = 2*t**2 - t. Let l(y) = -22*c(y) + 4*m(y). Let d be l(2). Let n = 4 - d. Calculate the remainder when n is divided by 3.
2
Suppose 42 = -0*b + b. Suppose g - 5*n = 5*g - 61, 0 = -g - n + 15. Calculate the remainder when 2928/g + 28/(-196) is divided by b.
41
Let u(l) be the first derivative of 5*l**2/2 + 35*l - 8. Let j(c) = -c**3 + 13*c**2 - 12*c + 18. What is the remainder when u(7) is divided by j(12)?
16
Let x(k) = 2*k**3 + 65*k**2 + 25*k + 300. Calculate the remainder when x(-32) is divided by 15.
14
Let u(n) = -n**3 - 2*n**2 - n + 3. Let y = -26 - -24. Suppose 2*t - 49 = -5*r - 19, -4*r = -t - 11. What is the remainder when u(y) is divided by r?
1
Let b(q) = -932*q - 99. Let m be b(-2). Suppose -m = -14*c - 421. What is the remainder when c is divided by 27?
15
Suppose -4*x = -5*g + 3932, 195*x + 3154 = 4*g + 196*x. What is the remainder when g is divided by 153?
23
Let v(m) = -81 + 61 - 3*m + 0*m. Let u be v(-8). Suppose 7*l - 186 = u*l. What is the remainder when l is divided by 9?
8
Suppose -m = -2*l - 2*m + 124, -3*l = -3*m - 177. Let i(x) = 30*x**2 + 16*x + 30*x**2 - l*x**2 + 2. What is the remainder when 178 is divided by i(14)?
28
Suppose -u = 3*u + 4224. Let b be (u/(-112))/((-3)/(-14)). Let f = b + -12. Calculate the remainder when f is divided by 12.
8
Let u = -19803 + 19827. Calculate the remainder when 66 is divided by u.
18
Suppose 5*m - 91 - 131 = -4*n, -2*m = -4*n + 208. What is the remainder when 314 is divided by n?
49
Let k = 196 + -303. Let x(m) = -4*m**3 - 10*m**2 - 2*m + 15. Let q be x(-4). Let t = k + q. Calculate the remainder when 45 is divided by t.
9
Suppose 17*s - 330 = 231. What is the remainder when 140 is divided by s?
8
Let y = 4053 + -4030. Calculate the remainder when 215 is divided by y.
8
What is the remainder when 477 is divided by (558/(-21))/((-210)/490)?
43
Suppose -3*l + 1254 = t - 1003, 2*t + 10 = 0. Calculate the remainder when l is divided by 59.
46
Suppose -5*y + 21 + 4 = 0. Suppose y*x + 2*z = -0*x + 255, 2*x + 5*z - 102 = 0. Suppose 0 = -0*c - c + x. What is the remainder when c is divided by 9?
6
Suppose -4*t + 30 - 90 = -4*o, 3 = -t. Calculate the remainder when 3621 is divided by o.
9
Let s(c) = -2*c + 50. Let m be s(24). Suppose q + 5*h = m, -q + 3*q = 3*h + 56. Calculate the remainder when 40 is divided by q.
18
Let v(t) = t**2 + 80*t + 1891. Let a(j) = 2*j + 7. What is the remainder when v(-28) is divided by a(5)?
10
Suppose -120*g - 61*g = 280*g - 125853. What is the remainder when 2190 is divided by g?
6
Let p = 96 - 40. Let t = 60 - p. Suppose -4*h + 472 = t*g, 4*g + 0*g - 5*h - 481 = 0. Calculate the remainder when g is divided by 30.
29
Suppose -64 = -2*n + 42. Let v(j) = 2*j - j + 11 + 18 + 3. Calculate the remainder when n is divided by v(-14).
17
Let a = -19378 + 19387. What is the remainder when 17836 is divided by a?
7
Suppose -17464*h + 13644 = -17428*h. What is the remainder when h is divided by 369?
10
Suppose -77 = 89*m - 90*m. Suppose 0 = 8*u - 51 - m. Let j = -4 + u. Calculate the remainder when 165 is divided by j.
9
Let v = 15 + 49. Let a be (1 - -2)/(69/644). Suppose -94 = -6*s - a. What is the remainder when v is divided by s?
9
Let f(t) = 4*t**2 - 3*t + 2. Let o be f(1). Let u = 48 - 18. What is the remainder when u is divided by (34/o - 4)*(-3)/(-2)?
8
Let j(f) = 4*f**2 + f**3 + 25 + 13 - 10 + 9*f**2 - 21*f. What is the remainder when j(-14) is divided by 26?
22
Suppose -2*g = -4*k + 152, -68*g + 140 = 4*k - 64*g. What is the remainder when 418 is divided by k?
11
Suppose 0 = -4*l + w + 40, -2*w - 30 = -3*l - 6*w. Suppose 0 = l*h - 30 - 30. Let m(x) = 5*x + 3. What is the remainder when m(7) is divided by h?
2
Let f(o) = -15*o + 2091. Calculate the rem